{"id":14174,"date":"2024-05-01T18:40:33","date_gmt":"2024-05-01T16:40:33","guid":{"rendered":"https:\/\/villumsenloppefund.dk\/?post_type=product&#038;p=14174"},"modified":"2025-07-04T19:31:23","modified_gmt":"2025-07-04T17:31:23","slug":"skaal-i-massivt-teaktrae-fra-1960erne","status":"publish","type":"product","link":"https:\/\/villumsenloppefund.dk\/index.php\/product\/skaal-i-massivt-teaktrae-fra-1960erne\/","title":{"rendered":"Sk\u00e5l i massivt teaktr\u00e6 fra 1960&#8217;erne"},"content":{"rendered":"<p>Sk\u00e5l i massivt teaktr\u00e6 fra 1960&#8217;erne.<\/p>\n<p>H 15 cm, Dia 25 cm.<\/p>\n<p>Flot og velholdt.<\/p>\n","protected":false},"excerpt":{"rendered":"<p>Sk\u00e5l i massivt teaktr\u00e6 fra 1960&#8217;erne. H 15 cm, Dia 25 cm. Flot og velholdt.<\/p>\n","protected":false},"featured_media":14118,"template":"","meta":[],"product_brand":[],"product_cat":[144,616,136],"product_tag":[],"class_list":{"0":"post-14174","1":"product","2":"type-product","3":"status-publish","4":"has-post-thumbnail","6":"product_cat-skaale-skaale","7":"product_cat-skaale-i-trae","8":"product_cat-skaale","9":"product_shipping_class-mellem-pakke","11":"first","12":"instock","13":"sold-individually","14":"taxable","15":"shipping-taxable","16":"purchasable","17":"product-type-simple"},"_links":{"self":[{"href":"https:\/\/villumsenloppefund.dk\/index.php\/wp-json\/wp\/v2\/product\/14174","targetHints":{"allow":["GET"]}}],"collection":[{"href":"https:\/\/villumsenloppefund.dk\/index.php\/wp-json\/wp\/v2\/product"}],"about":[{"href":"https:\/\/villumsenloppefund.dk\/index.php\/wp-json\/wp\/v2\/types\/product"}],"wp:featuredmedia":[{"embeddable":true,"href":"https:\/\/villumsenloppefund.dk\/index.php\/wp-json\/wp\/v2\/media\/14118"}],"wp:attachment":[{"href":"https:\/\/villumsenloppefund.dk\/index.php\/wp-json\/wp\/v2\/media?parent=14174"}],"wp:term":[{"taxonomy":"product_brand","embeddable":true,"href":"https:\/\/villumsenloppefund.dk\/index.php\/wp-json\/wp\/v2\/product_brand?post=14174"},{"taxonomy":"product_cat","embeddable":true,"href":"https:\/\/villumsenloppefund.dk\/index.php\/wp-json\/wp\/v2\/product_cat?post=14174"},{"taxonomy":"product_tag","embeddable":true,"href":"https:\/\/villumsenloppefund.dk\/index.php\/wp-json\/wp\/v2\/product_tag?post=14174"}],"curies":[{"name":"wp","href":"https:\/\/api.w.org\/{rel}","templated":true}]}}