{"id":18816,"date":"2024-08-28T12:09:55","date_gmt":"2024-08-28T10:09:55","guid":{"rendered":"https:\/\/villumsenloppefund.dk\/?post_type=product&#038;p=18816"},"modified":"2024-08-28T12:09:55","modified_gmt":"2024-08-28T10:09:55","slug":"sukkerskaal-fra-blaa-blomst","status":"publish","type":"product","link":"https:\/\/villumsenloppefund.dk\/index.php\/product\/sukkerskaal-fra-blaa-blomst\/","title":{"rendered":"Sukkersk\u00e5l fra Bl\u00e5 Blomst"},"content":{"rendered":"<p>Sukkersk\u00e5l fra Bl\u00e5 Blomst, Royal Copenhagen.<\/p>\n<p>2. sortering, kan umiddelbart ikke finde \u00e5rsagen.<\/p>\n<p>Nr 10\/8563.<\/p>\n<p>H 11 cm, B 17 cm, D 14 cm.<\/p>\n<p>Flot og velholdt, uden sk\u00e5r eller lignende. G\u00e5 til varen, for flere billeder.<\/p>\n","protected":false},"excerpt":{"rendered":"<p>Sukkersk\u00e5l fra Bl\u00e5 Blomst, Royal Copenhagen. 2. sortering, kan umiddelbart ikke finde \u00e5rsagen. Nr 10\/8563. H 11 cm, B 17 cm, D 14 cm. Flot og velholdt, uden sk\u00e5r eller lignende. G\u00e5 til varen, for flere billeder.<\/p>\n","protected":false},"featured_media":18768,"template":"","meta":[],"product_brand":[],"product_cat":[207,157],"product_tag":[],"class_list":{"0":"post-18816","1":"product","2":"type-product","3":"status-publish","4":"has-post-thumbnail","6":"product_cat-blaa-blomst-tallerkenstel","7":"product_cat-tallerkenstel","8":"product_shipping_class-mellem-pakke","10":"first","11":"instock","12":"sold-individually","13":"taxable","14":"shipping-taxable","15":"purchasable","16":"product-type-simple"},"_links":{"self":[{"href":"https:\/\/villumsenloppefund.dk\/index.php\/wp-json\/wp\/v2\/product\/18816","targetHints":{"allow":["GET"]}}],"collection":[{"href":"https:\/\/villumsenloppefund.dk\/index.php\/wp-json\/wp\/v2\/product"}],"about":[{"href":"https:\/\/villumsenloppefund.dk\/index.php\/wp-json\/wp\/v2\/types\/product"}],"wp:featuredmedia":[{"embeddable":true,"href":"https:\/\/villumsenloppefund.dk\/index.php\/wp-json\/wp\/v2\/media\/18768"}],"wp:attachment":[{"href":"https:\/\/villumsenloppefund.dk\/index.php\/wp-json\/wp\/v2\/media?parent=18816"}],"wp:term":[{"taxonomy":"product_brand","embeddable":true,"href":"https:\/\/villumsenloppefund.dk\/index.php\/wp-json\/wp\/v2\/product_brand?post=18816"},{"taxonomy":"product_cat","embeddable":true,"href":"https:\/\/villumsenloppefund.dk\/index.php\/wp-json\/wp\/v2\/product_cat?post=18816"},{"taxonomy":"product_tag","embeddable":true,"href":"https:\/\/villumsenloppefund.dk\/index.php\/wp-json\/wp\/v2\/product_tag?post=18816"}],"curies":[{"name":"wp","href":"https:\/\/api.w.org\/{rel}","templated":true}]}}