{"id":18817,"date":"2024-08-28T12:12:02","date_gmt":"2024-08-28T10:12:02","guid":{"rendered":"https:\/\/villumsenloppefund.dk\/?post_type=product&#038;p=18817"},"modified":"2024-08-28T12:12:02","modified_gmt":"2024-08-28T10:12:02","slug":"kantet-vase-fra-blaa-blomst","status":"publish","type":"product","link":"https:\/\/villumsenloppefund.dk\/index.php\/product\/kantet-vase-fra-blaa-blomst\/","title":{"rendered":"Kantet vase fra Bl\u00e5 Blomst"},"content":{"rendered":"<p>Kantet vase fra Bl\u00e5 Blomst, Royal Copenhagen.<\/p>\n<p>2. sortering, ses ved sorte pletter.<\/p>\n<p>H 5 cm, Dia 7 cm.<\/p>\n<p>Flot og velholdt, uden sk\u00e5r eller lignende. G\u00e5 til varen, for flere billeder.<\/p>\n","protected":false},"excerpt":{"rendered":"<p>Kantet vase fra Bl\u00e5 Blomst, Royal Copenhagen. 2. sortering, ses ved sorte pletter. H 5 cm, Dia 7 cm. Flot og velholdt, uden sk\u00e5r eller lignende. G\u00e5 til varen, for flere billeder.<\/p>\n","protected":false},"featured_media":18772,"template":"","meta":[],"product_brand":[],"product_cat":[207,157],"product_tag":[],"class_list":{"0":"post-18817","1":"product","2":"type-product","3":"status-publish","4":"has-post-thumbnail","6":"product_cat-blaa-blomst-tallerkenstel","7":"product_cat-tallerkenstel","8":"product_shipping_class-mellem-pakke","10":"first","11":"instock","12":"sold-individually","13":"taxable","14":"shipping-taxable","15":"purchasable","16":"product-type-simple"},"_links":{"self":[{"href":"https:\/\/villumsenloppefund.dk\/index.php\/wp-json\/wp\/v2\/product\/18817","targetHints":{"allow":["GET"]}}],"collection":[{"href":"https:\/\/villumsenloppefund.dk\/index.php\/wp-json\/wp\/v2\/product"}],"about":[{"href":"https:\/\/villumsenloppefund.dk\/index.php\/wp-json\/wp\/v2\/types\/product"}],"wp:featuredmedia":[{"embeddable":true,"href":"https:\/\/villumsenloppefund.dk\/index.php\/wp-json\/wp\/v2\/media\/18772"}],"wp:attachment":[{"href":"https:\/\/villumsenloppefund.dk\/index.php\/wp-json\/wp\/v2\/media?parent=18817"}],"wp:term":[{"taxonomy":"product_brand","embeddable":true,"href":"https:\/\/villumsenloppefund.dk\/index.php\/wp-json\/wp\/v2\/product_brand?post=18817"},{"taxonomy":"product_cat","embeddable":true,"href":"https:\/\/villumsenloppefund.dk\/index.php\/wp-json\/wp\/v2\/product_cat?post=18817"},{"taxonomy":"product_tag","embeddable":true,"href":"https:\/\/villumsenloppefund.dk\/index.php\/wp-json\/wp\/v2\/product_tag?post=18817"}],"curies":[{"name":"wp","href":"https:\/\/api.w.org\/{rel}","templated":true}]}}