{"id":19110,"date":"2024-09-03T13:37:51","date_gmt":"2024-09-03T11:37:51","guid":{"rendered":"https:\/\/villumsenloppefund.dk\/?post_type=product&#038;p=19110"},"modified":"2024-09-03T13:38:14","modified_gmt":"2024-09-03T11:38:14","slug":"smaa-baegre-i-kobber","status":"publish","type":"product","link":"https:\/\/villumsenloppefund.dk\/index.php\/product\/smaa-baegre-i-kobber\/","title":{"rendered":"Sm\u00e5 b\u00e6gre i kobber"},"content":{"rendered":"<p>2 sm\u00e5 b\u00e6gre i kobber.<\/p>\n<p>H 6 cm, B 5,5 cm.<\/p>\n<p>Flotte og velholdte, g\u00e5 til varen, for flere billeder.<\/p>\n","protected":false},"excerpt":{"rendered":"<p>2 sm\u00e5 b\u00e6gre i kobber. H 6 cm, B 5,5 cm. Flotte og velholdte, g\u00e5 til varen, for flere billeder.<\/p>\n","protected":false},"featured_media":19081,"template":"","meta":[],"product_brand":[],"product_cat":[414,124],"product_tag":[],"class_list":{"0":"post-19110","1":"product","2":"type-product","3":"status-publish","4":"has-post-thumbnail","6":"product_cat-kobber","7":"product_cat-nips-ting","8":"product_shipping_class-mellem-pakke","10":"first","11":"instock","12":"sold-individually","13":"taxable","14":"shipping-taxable","15":"purchasable","16":"product-type-simple"},"_links":{"self":[{"href":"https:\/\/villumsenloppefund.dk\/index.php\/wp-json\/wp\/v2\/product\/19110","targetHints":{"allow":["GET"]}}],"collection":[{"href":"https:\/\/villumsenloppefund.dk\/index.php\/wp-json\/wp\/v2\/product"}],"about":[{"href":"https:\/\/villumsenloppefund.dk\/index.php\/wp-json\/wp\/v2\/types\/product"}],"wp:featuredmedia":[{"embeddable":true,"href":"https:\/\/villumsenloppefund.dk\/index.php\/wp-json\/wp\/v2\/media\/19081"}],"wp:attachment":[{"href":"https:\/\/villumsenloppefund.dk\/index.php\/wp-json\/wp\/v2\/media?parent=19110"}],"wp:term":[{"taxonomy":"product_brand","embeddable":true,"href":"https:\/\/villumsenloppefund.dk\/index.php\/wp-json\/wp\/v2\/product_brand?post=19110"},{"taxonomy":"product_cat","embeddable":true,"href":"https:\/\/villumsenloppefund.dk\/index.php\/wp-json\/wp\/v2\/product_cat?post=19110"},{"taxonomy":"product_tag","embeddable":true,"href":"https:\/\/villumsenloppefund.dk\/index.php\/wp-json\/wp\/v2\/product_tag?post=19110"}],"curies":[{"name":"wp","href":"https:\/\/api.w.org\/{rel}","templated":true}]}}