{"id":27923,"date":"2024-12-02T11:41:49","date_gmt":"2024-12-02T10:41:49","guid":{"rendered":"https:\/\/villumsenloppefund.dk\/?post_type=product&#038;p=27923"},"modified":"2024-12-02T11:41:49","modified_gmt":"2024-12-02T10:41:49","slug":"4-styks-bordskaanere-fra-imerco","status":"publish","type":"product","link":"https:\/\/villumsenloppefund.dk\/index.php\/product\/4-styks-bordskaanere-fra-imerco\/","title":{"rendered":"4 styks bordsk\u00e5nere fra Imerco"},"content":{"rendered":"<p>4 styks bordsk\u00e5nere fra Imerco.<\/p>\n<p>B 10,5 cm, D 10,5 cm.<\/p>\n<p>S\u00e6lges samlet, alle velholdte. G\u00e5 til varen, for flere billeder.<\/p>\n","protected":false},"excerpt":{"rendered":"<p>4 styks bordsk\u00e5nere fra Imerco. B 10,5 cm, D 10,5 cm. S\u00e6lges samlet, alle velholdte. G\u00e5 til varen, for flere billeder.<\/p>\n","protected":false},"featured_media":27843,"template":"","meta":[],"product_brand":[],"product_cat":[389,133],"product_tag":[],"class_list":{"0":"post-27923","1":"product","2":"type-product","3":"status-publish","4":"has-post-thumbnail","6":"product_cat-bordskaanere","7":"product_cat-bestik","8":"product_shipping_class-mellem-pakke","10":"first","11":"instock","12":"sold-individually","13":"taxable","14":"shipping-taxable","15":"purchasable","16":"product-type-simple"},"_links":{"self":[{"href":"https:\/\/villumsenloppefund.dk\/index.php\/wp-json\/wp\/v2\/product\/27923","targetHints":{"allow":["GET"]}}],"collection":[{"href":"https:\/\/villumsenloppefund.dk\/index.php\/wp-json\/wp\/v2\/product"}],"about":[{"href":"https:\/\/villumsenloppefund.dk\/index.php\/wp-json\/wp\/v2\/types\/product"}],"wp:featuredmedia":[{"embeddable":true,"href":"https:\/\/villumsenloppefund.dk\/index.php\/wp-json\/wp\/v2\/media\/27843"}],"wp:attachment":[{"href":"https:\/\/villumsenloppefund.dk\/index.php\/wp-json\/wp\/v2\/media?parent=27923"}],"wp:term":[{"taxonomy":"product_brand","embeddable":true,"href":"https:\/\/villumsenloppefund.dk\/index.php\/wp-json\/wp\/v2\/product_brand?post=27923"},{"taxonomy":"product_cat","embeddable":true,"href":"https:\/\/villumsenloppefund.dk\/index.php\/wp-json\/wp\/v2\/product_cat?post=27923"},{"taxonomy":"product_tag","embeddable":true,"href":"https:\/\/villumsenloppefund.dk\/index.php\/wp-json\/wp\/v2\/product_tag?post=27923"}],"curies":[{"name":"wp","href":"https:\/\/api.w.org\/{rel}","templated":true}]}}