{"id":30264,"date":"2024-12-18T10:29:01","date_gmt":"2024-12-18T09:29:01","guid":{"rendered":"https:\/\/villumsenloppefund.dk\/?post_type=product&#038;p=30264"},"modified":"2024-12-18T10:29:13","modified_gmt":"2024-12-18T09:29:13","slug":"lang-teske-i-pletsoelv","status":"publish","type":"product","link":"https:\/\/villumsenloppefund.dk\/index.php\/product\/lang-teske-i-pletsoelv\/","title":{"rendered":"Lang teske i plets\u00f8lv"},"content":{"rendered":"<p>Lang teske i plets\u00f8lv.<\/p>\n<p>L 16 cm.<\/p>\n<p>Velholdt, g\u00e5 til varen, for flere billeder.<\/p>\n<p>(Plets\u00f8lv 3).<\/p>\n","protected":false},"excerpt":{"rendered":"<p>Lang teske i plets\u00f8lv. L 16 cm. Velholdt, g\u00e5 til varen, for flere billeder. (Plets\u00f8lv 3).<\/p>\n","protected":false},"featured_media":29941,"template":"","meta":[],"product_brand":[],"product_cat":[292,133],"product_tag":[],"class_list":{"0":"post-30264","1":"product","2":"type-product","3":"status-publish","4":"has-post-thumbnail","6":"product_cat-diverse-pletsoelv","7":"product_cat-bestik","8":"product_shipping_class-mellem-pakke","10":"first","11":"instock","12":"sold-individually","13":"taxable","14":"shipping-taxable","15":"purchasable","16":"product-type-simple"},"_links":{"self":[{"href":"https:\/\/villumsenloppefund.dk\/index.php\/wp-json\/wp\/v2\/product\/30264","targetHints":{"allow":["GET"]}}],"collection":[{"href":"https:\/\/villumsenloppefund.dk\/index.php\/wp-json\/wp\/v2\/product"}],"about":[{"href":"https:\/\/villumsenloppefund.dk\/index.php\/wp-json\/wp\/v2\/types\/product"}],"wp:featuredmedia":[{"embeddable":true,"href":"https:\/\/villumsenloppefund.dk\/index.php\/wp-json\/wp\/v2\/media\/29941"}],"wp:attachment":[{"href":"https:\/\/villumsenloppefund.dk\/index.php\/wp-json\/wp\/v2\/media?parent=30264"}],"wp:term":[{"taxonomy":"product_brand","embeddable":true,"href":"https:\/\/villumsenloppefund.dk\/index.php\/wp-json\/wp\/v2\/product_brand?post=30264"},{"taxonomy":"product_cat","embeddable":true,"href":"https:\/\/villumsenloppefund.dk\/index.php\/wp-json\/wp\/v2\/product_cat?post=30264"},{"taxonomy":"product_tag","embeddable":true,"href":"https:\/\/villumsenloppefund.dk\/index.php\/wp-json\/wp\/v2\/product_tag?post=30264"}],"curies":[{"name":"wp","href":"https:\/\/api.w.org\/{rel}","templated":true}]}}