{"id":39294,"date":"2025-03-26T18:59:30","date_gmt":"2025-03-26T17:59:30","guid":{"rendered":"https:\/\/villumsenloppefund.dk\/?post_type=product&#038;p=39294"},"modified":"2025-03-26T18:59:30","modified_gmt":"2025-03-26T17:59:30","slug":"soeholm-skaal-i-keramik","status":"publish","type":"product","link":"https:\/\/villumsenloppefund.dk\/index.php\/product\/soeholm-skaal-i-keramik\/","title":{"rendered":"S\u00f8holm sk\u00e5l i keramik"},"content":{"rendered":"<p>S\u00f8holm sk\u00e5l i keramik.<\/p>\n<p>H 4 cm, Dia 14 cm.<\/p>\n<p>Flot og velholdt, g\u00e5 til varen, for flere billeder.<\/p>\n","protected":false},"excerpt":{"rendered":"<p>S\u00f8holm sk\u00e5l i keramik. H 4 cm, Dia 14 cm. Flot og velholdt, g\u00e5 til varen, for flere billeder.<\/p>\n","protected":false},"featured_media":39259,"template":"","meta":[],"product_brand":[],"product_cat":[144,136],"product_tag":[],"class_list":{"0":"post-39294","1":"product","2":"type-product","3":"status-publish","4":"has-post-thumbnail","6":"product_cat-skaale-skaale","7":"product_cat-skaale","8":"product_shipping_class-mellem-pakke","10":"first","11":"instock","12":"sold-individually","13":"taxable","14":"shipping-taxable","15":"purchasable","16":"product-type-simple"},"_links":{"self":[{"href":"https:\/\/villumsenloppefund.dk\/index.php\/wp-json\/wp\/v2\/product\/39294","targetHints":{"allow":["GET"]}}],"collection":[{"href":"https:\/\/villumsenloppefund.dk\/index.php\/wp-json\/wp\/v2\/product"}],"about":[{"href":"https:\/\/villumsenloppefund.dk\/index.php\/wp-json\/wp\/v2\/types\/product"}],"wp:featuredmedia":[{"embeddable":true,"href":"https:\/\/villumsenloppefund.dk\/index.php\/wp-json\/wp\/v2\/media\/39259"}],"wp:attachment":[{"href":"https:\/\/villumsenloppefund.dk\/index.php\/wp-json\/wp\/v2\/media?parent=39294"}],"wp:term":[{"taxonomy":"product_brand","embeddable":true,"href":"https:\/\/villumsenloppefund.dk\/index.php\/wp-json\/wp\/v2\/product_brand?post=39294"},{"taxonomy":"product_cat","embeddable":true,"href":"https:\/\/villumsenloppefund.dk\/index.php\/wp-json\/wp\/v2\/product_cat?post=39294"},{"taxonomy":"product_tag","embeddable":true,"href":"https:\/\/villumsenloppefund.dk\/index.php\/wp-json\/wp\/v2\/product_tag?post=39294"}],"curies":[{"name":"wp","href":"https:\/\/api.w.org\/{rel}","templated":true}]}}