{"id":45225,"date":"2025-06-11T09:07:00","date_gmt":"2025-06-11T07:07:00","guid":{"rendered":"https:\/\/villumsenloppefund.dk\/?post_type=product&#038;p=45225"},"modified":"2025-08-08T12:26:40","modified_gmt":"2025-08-08T10:26:40","slug":"diskos-floedekande-fra-desiree","status":"publish","type":"product","link":"https:\/\/villumsenloppefund.dk\/index.php\/product\/diskos-floedekande-fra-desiree\/","title":{"rendered":"Diskos fl\u00f8dekande fra Desir\u00e9e"},"content":{"rendered":"<p>Diskos fl\u00f8dekande fra Desir\u00e9e.<\/p>\n<p>H 7 cm, Dia 7 cm.<\/p>\n<p>Har lidt brugsspor i bund, g\u00e5 til varen, for flere billeder.<\/p>\n<p>(Reol 10).<\/p>\n","protected":false},"excerpt":{"rendered":"<p>Diskos fl\u00f8dekande fra Desir\u00e9e. H 7 cm, Dia 7 cm. Har lidt brugsspor i bund, g\u00e5 til varen, for flere billeder. (Reol 10).<\/p>\n","protected":false},"featured_media":45104,"template":"","meta":[],"product_brand":[],"product_cat":[583,538,133,157],"product_tag":[],"class_list":{"0":"post-45225","1":"product","2":"type-product","3":"status-publish","4":"has-post-thumbnail","6":"product_cat-diskos","7":"product_cat-floedekander","8":"product_cat-bestik","9":"product_cat-tallerkenstel","10":"product_shipping_class-mellem-pakke","12":"first","13":"instock","14":"sold-individually","15":"taxable","16":"shipping-taxable","17":"purchasable","18":"product-type-simple"},"_links":{"self":[{"href":"https:\/\/villumsenloppefund.dk\/index.php\/wp-json\/wp\/v2\/product\/45225","targetHints":{"allow":["GET"]}}],"collection":[{"href":"https:\/\/villumsenloppefund.dk\/index.php\/wp-json\/wp\/v2\/product"}],"about":[{"href":"https:\/\/villumsenloppefund.dk\/index.php\/wp-json\/wp\/v2\/types\/product"}],"wp:featuredmedia":[{"embeddable":true,"href":"https:\/\/villumsenloppefund.dk\/index.php\/wp-json\/wp\/v2\/media\/45104"}],"wp:attachment":[{"href":"https:\/\/villumsenloppefund.dk\/index.php\/wp-json\/wp\/v2\/media?parent=45225"}],"wp:term":[{"taxonomy":"product_brand","embeddable":true,"href":"https:\/\/villumsenloppefund.dk\/index.php\/wp-json\/wp\/v2\/product_brand?post=45225"},{"taxonomy":"product_cat","embeddable":true,"href":"https:\/\/villumsenloppefund.dk\/index.php\/wp-json\/wp\/v2\/product_cat?post=45225"},{"taxonomy":"product_tag","embeddable":true,"href":"https:\/\/villumsenloppefund.dk\/index.php\/wp-json\/wp\/v2\/product_tag?post=45225"}],"curies":[{"name":"wp","href":"https:\/\/api.w.org\/{rel}","templated":true}]}}