{"id":49330,"date":"2025-08-28T11:26:45","date_gmt":"2025-08-28T09:26:45","guid":{"rendered":"https:\/\/villumsenloppefund.dk\/?post_type=product&#038;p=49330"},"modified":"2025-08-28T11:26:59","modified_gmt":"2025-08-28T09:26:59","slug":"vintage-bordskaaner-i-trae","status":"publish","type":"product","link":"https:\/\/villumsenloppefund.dk\/index.php\/product\/vintage-bordskaaner-i-trae\/","title":{"rendered":"Vintage bordsk\u00e5ner i tr\u00e6"},"content":{"rendered":"<p>Vintage bordsk\u00e5ner i tr\u00e6.<\/p>\n<p>H 3,5 cm, B 15 cm.<\/p>\n<p>G\u00e5 til varen, for flere billeder.<\/p>\n","protected":false},"excerpt":{"rendered":"<p>Vintage bordsk\u00e5ner i tr\u00e6. H 3,5 cm, B 15 cm. G\u00e5 til varen, for flere billeder.<\/p>\n","protected":false},"featured_media":48990,"template":"","meta":[],"product_brand":[],"product_cat":[389,133],"product_tag":[],"class_list":{"0":"post-49330","1":"product","2":"type-product","3":"status-publish","4":"has-post-thumbnail","6":"product_cat-bordskaanere","7":"product_cat-bestik","8":"product_shipping_class-mellem-pakke","10":"first","11":"instock","12":"sold-individually","13":"taxable","14":"shipping-taxable","15":"purchasable","16":"product-type-simple"},"_links":{"self":[{"href":"https:\/\/villumsenloppefund.dk\/index.php\/wp-json\/wp\/v2\/product\/49330","targetHints":{"allow":["GET"]}}],"collection":[{"href":"https:\/\/villumsenloppefund.dk\/index.php\/wp-json\/wp\/v2\/product"}],"about":[{"href":"https:\/\/villumsenloppefund.dk\/index.php\/wp-json\/wp\/v2\/types\/product"}],"wp:featuredmedia":[{"embeddable":true,"href":"https:\/\/villumsenloppefund.dk\/index.php\/wp-json\/wp\/v2\/media\/48990"}],"wp:attachment":[{"href":"https:\/\/villumsenloppefund.dk\/index.php\/wp-json\/wp\/v2\/media?parent=49330"}],"wp:term":[{"taxonomy":"product_brand","embeddable":true,"href":"https:\/\/villumsenloppefund.dk\/index.php\/wp-json\/wp\/v2\/product_brand?post=49330"},{"taxonomy":"product_cat","embeddable":true,"href":"https:\/\/villumsenloppefund.dk\/index.php\/wp-json\/wp\/v2\/product_cat?post=49330"},{"taxonomy":"product_tag","embeddable":true,"href":"https:\/\/villumsenloppefund.dk\/index.php\/wp-json\/wp\/v2\/product_tag?post=49330"}],"curies":[{"name":"wp","href":"https:\/\/api.w.org\/{rel}","templated":true}]}}