{"id":55014,"date":"2026-01-02T16:51:57","date_gmt":"2026-01-02T15:51:57","guid":{"rendered":"https:\/\/villumsenloppefund.dk\/?post_type=product&#038;p=55014"},"modified":"2026-01-02T16:51:58","modified_gmt":"2026-01-02T15:51:58","slug":"vintage-laagskaal-i-porcelaen-2","status":"publish","type":"product","link":"https:\/\/villumsenloppefund.dk\/index.php\/product\/vintage-laagskaal-i-porcelaen-2\/","title":{"rendered":"Vintage l\u00e5gsk\u00e5l i porcel\u00e6n"},"content":{"rendered":"<p>Vintage l\u00e5gsk\u00e5l i porcel\u00e6n.<\/p>\n<p>H 11 cm, B 18 cm, D 12 cm.<\/p>\n<p>Flot og velholdt, uden sk\u00e5r eller revner. G\u00e5 til varen, for flere billeder.<\/p>\n<p>(Reol 14).<\/p>\n","protected":false},"excerpt":{"rendered":"<p>Vintage l\u00e5gsk\u00e5l i porcel\u00e6n. H 11 cm, B 18 cm, D 12 cm. Flot og velholdt, uden sk\u00e5r eller revner. G\u00e5 til varen, for flere billeder. (Reol 14).<\/p>\n","protected":false},"featured_media":54842,"template":"","meta":[],"product_brand":[],"product_cat":[235,136],"product_tag":[],"class_list":{"0":"post-55014","1":"product","2":"type-product","3":"status-publish","4":"has-post-thumbnail","6":"product_cat-laagskaale","7":"product_cat-skaale","8":"product_shipping_class-mellem-pakke","10":"first","11":"instock","12":"sold-individually","13":"taxable","14":"shipping-taxable","15":"purchasable","16":"product-type-simple"},"_links":{"self":[{"href":"https:\/\/villumsenloppefund.dk\/index.php\/wp-json\/wp\/v2\/product\/55014","targetHints":{"allow":["GET"]}}],"collection":[{"href":"https:\/\/villumsenloppefund.dk\/index.php\/wp-json\/wp\/v2\/product"}],"about":[{"href":"https:\/\/villumsenloppefund.dk\/index.php\/wp-json\/wp\/v2\/types\/product"}],"wp:featuredmedia":[{"embeddable":true,"href":"https:\/\/villumsenloppefund.dk\/index.php\/wp-json\/wp\/v2\/media\/54842"}],"wp:attachment":[{"href":"https:\/\/villumsenloppefund.dk\/index.php\/wp-json\/wp\/v2\/media?parent=55014"}],"wp:term":[{"taxonomy":"product_brand","embeddable":true,"href":"https:\/\/villumsenloppefund.dk\/index.php\/wp-json\/wp\/v2\/product_brand?post=55014"},{"taxonomy":"product_cat","embeddable":true,"href":"https:\/\/villumsenloppefund.dk\/index.php\/wp-json\/wp\/v2\/product_cat?post=55014"},{"taxonomy":"product_tag","embeddable":true,"href":"https:\/\/villumsenloppefund.dk\/index.php\/wp-json\/wp\/v2\/product_tag?post=55014"}],"curies":[{"name":"wp","href":"https:\/\/api.w.org\/{rel}","templated":true}]}}