{"id":5693,"date":"2023-12-11T13:43:51","date_gmt":"2023-12-11T12:43:51","guid":{"rendered":"https:\/\/villumsenloppefund.dk\/?post_type=product&#038;p=5693"},"modified":"2025-08-13T12:52:34","modified_gmt":"2025-08-13T10:52:34","slug":"traebakker-danmarks-oldtid","status":"publish","type":"product","link":"https:\/\/villumsenloppefund.dk\/index.php\/product\/traebakker-danmarks-oldtid\/","title":{"rendered":"Tr\u00e6bakker, Danmarks Oldtid"},"content":{"rendered":"<p>6 styks bordsk\u00e5nere med motiver fra Danmarks Oldtid i \u00e6ske.<\/p>\n<p>Dia 8 cm.<\/p>\n<p>Flotte og velholdte, g\u00e5 til varen, for flere billeder.<\/p>\n","protected":false},"excerpt":{"rendered":"<p>6 styks bordsk\u00e5nere med motiver fra Danmarks Oldtid i \u00e6ske. Dia 8 cm. Flotte og velholdte, g\u00e5 til varen, for flere billeder.<\/p>\n","protected":false},"featured_media":5679,"template":"","meta":[],"product_brand":[],"product_cat":[389,133],"product_tag":[],"class_list":{"0":"post-5693","1":"product","2":"type-product","3":"status-publish","4":"has-post-thumbnail","6":"product_cat-bordskaanere","7":"product_cat-bestik","8":"product_shipping_class-mellem-pakke","10":"first","11":"instock","12":"sold-individually","13":"taxable","14":"shipping-taxable","15":"purchasable","16":"product-type-simple"},"_links":{"self":[{"href":"https:\/\/villumsenloppefund.dk\/index.php\/wp-json\/wp\/v2\/product\/5693","targetHints":{"allow":["GET"]}}],"collection":[{"href":"https:\/\/villumsenloppefund.dk\/index.php\/wp-json\/wp\/v2\/product"}],"about":[{"href":"https:\/\/villumsenloppefund.dk\/index.php\/wp-json\/wp\/v2\/types\/product"}],"wp:featuredmedia":[{"embeddable":true,"href":"https:\/\/villumsenloppefund.dk\/index.php\/wp-json\/wp\/v2\/media\/5679"}],"wp:attachment":[{"href":"https:\/\/villumsenloppefund.dk\/index.php\/wp-json\/wp\/v2\/media?parent=5693"}],"wp:term":[{"taxonomy":"product_brand","embeddable":true,"href":"https:\/\/villumsenloppefund.dk\/index.php\/wp-json\/wp\/v2\/product_brand?post=5693"},{"taxonomy":"product_cat","embeddable":true,"href":"https:\/\/villumsenloppefund.dk\/index.php\/wp-json\/wp\/v2\/product_cat?post=5693"},{"taxonomy":"product_tag","embeddable":true,"href":"https:\/\/villumsenloppefund.dk\/index.php\/wp-json\/wp\/v2\/product_tag?post=5693"}],"curies":[{"name":"wp","href":"https:\/\/api.w.org\/{rel}","templated":true}]}}