{"id":57202,"date":"2026-02-11T15:10:35","date_gmt":"2026-02-11T14:10:35","guid":{"rendered":"https:\/\/villumsenloppefund.dk\/?post_type=product&#038;p=57202"},"modified":"2026-02-11T15:10:35","modified_gmt":"2026-02-11T14:10:35","slug":"rund-lerskaal-2","status":"publish","type":"product","link":"https:\/\/villumsenloppefund.dk\/index.php\/product\/rund-lerskaal-2\/","title":{"rendered":"Rund lersk\u00e5l"},"content":{"rendered":"<p>Rund lersk\u00e5l.<\/p>\n<p>H 6 cm, Dia 12 cm.<\/p>\n<p>Flot og velholdt, uden sk\u00e5r eller revner. G\u00e5 til varen, for flere billeder.<\/p>\n","protected":false},"excerpt":{"rendered":"<p>Rund lersk\u00e5l. H 6 cm, Dia 12 cm. Flot og velholdt, uden sk\u00e5r eller revner. G\u00e5 til varen, for flere billeder.<\/p>\n","protected":false},"featured_media":57093,"template":"","meta":[],"product_brand":[],"product_cat":[144,136],"product_tag":[],"class_list":{"0":"post-57202","1":"product","2":"type-product","3":"status-publish","4":"has-post-thumbnail","6":"product_cat-skaale-skaale","7":"product_cat-skaale","8":"product_shipping_class-mellem-pakke","10":"first","11":"instock","12":"sold-individually","13":"taxable","14":"shipping-taxable","15":"purchasable","16":"product-type-simple"},"_links":{"self":[{"href":"https:\/\/villumsenloppefund.dk\/index.php\/wp-json\/wp\/v2\/product\/57202","targetHints":{"allow":["GET"]}}],"collection":[{"href":"https:\/\/villumsenloppefund.dk\/index.php\/wp-json\/wp\/v2\/product"}],"about":[{"href":"https:\/\/villumsenloppefund.dk\/index.php\/wp-json\/wp\/v2\/types\/product"}],"wp:featuredmedia":[{"embeddable":true,"href":"https:\/\/villumsenloppefund.dk\/index.php\/wp-json\/wp\/v2\/media\/57093"}],"wp:attachment":[{"href":"https:\/\/villumsenloppefund.dk\/index.php\/wp-json\/wp\/v2\/media?parent=57202"}],"wp:term":[{"taxonomy":"product_brand","embeddable":true,"href":"https:\/\/villumsenloppefund.dk\/index.php\/wp-json\/wp\/v2\/product_brand?post=57202"},{"taxonomy":"product_cat","embeddable":true,"href":"https:\/\/villumsenloppefund.dk\/index.php\/wp-json\/wp\/v2\/product_cat?post=57202"},{"taxonomy":"product_tag","embeddable":true,"href":"https:\/\/villumsenloppefund.dk\/index.php\/wp-json\/wp\/v2\/product_tag?post=57202"}],"curies":[{"name":"wp","href":"https:\/\/api.w.org\/{rel}","templated":true}]}}