{"id":58203,"date":"2026-02-16T15:15:46","date_gmt":"2026-02-16T14:15:46","guid":{"rendered":"https:\/\/villumsenloppefund.dk\/?post_type=product&#038;p=58203"},"modified":"2026-02-16T15:15:46","modified_gmt":"2026-02-16T14:15:46","slug":"madame-blaa-saebeholder","status":"publish","type":"product","link":"https:\/\/villumsenloppefund.dk\/index.php\/product\/madame-blaa-saebeholder\/","title":{"rendered":"Madame Bl\u00e5 s\u00e6beholder"},"content":{"rendered":"<p>Madame Bl\u00e5 s\u00e6beholder.<\/p>\n<p>H 20 cm, B 12 cm.<\/p>\n<p>G\u00e5 til varen, for flere billeder.<\/p>\n<p>(A5).<\/p>\n","protected":false},"excerpt":{"rendered":"<p>Madame Bl\u00e5 s\u00e6beholder. H 20 cm, B 12 cm. G\u00e5 til varen, for flere billeder. (A5).<\/p>\n","protected":false},"featured_media":58113,"template":"","meta":[],"product_brand":[],"product_cat":[133,343],"product_tag":[],"class_list":{"0":"post-58203","1":"product","2":"type-product","3":"status-publish","4":"has-post-thumbnail","6":"product_cat-bestik","7":"product_cat-madame-blaa","8":"product_shipping_class-mellem-pakke","10":"first","11":"instock","12":"sold-individually","13":"taxable","14":"shipping-taxable","15":"purchasable","16":"product-type-simple"},"_links":{"self":[{"href":"https:\/\/villumsenloppefund.dk\/index.php\/wp-json\/wp\/v2\/product\/58203","targetHints":{"allow":["GET"]}}],"collection":[{"href":"https:\/\/villumsenloppefund.dk\/index.php\/wp-json\/wp\/v2\/product"}],"about":[{"href":"https:\/\/villumsenloppefund.dk\/index.php\/wp-json\/wp\/v2\/types\/product"}],"wp:featuredmedia":[{"embeddable":true,"href":"https:\/\/villumsenloppefund.dk\/index.php\/wp-json\/wp\/v2\/media\/58113"}],"wp:attachment":[{"href":"https:\/\/villumsenloppefund.dk\/index.php\/wp-json\/wp\/v2\/media?parent=58203"}],"wp:term":[{"taxonomy":"product_brand","embeddable":true,"href":"https:\/\/villumsenloppefund.dk\/index.php\/wp-json\/wp\/v2\/product_brand?post=58203"},{"taxonomy":"product_cat","embeddable":true,"href":"https:\/\/villumsenloppefund.dk\/index.php\/wp-json\/wp\/v2\/product_cat?post=58203"},{"taxonomy":"product_tag","embeddable":true,"href":"https:\/\/villumsenloppefund.dk\/index.php\/wp-json\/wp\/v2\/product_tag?post=58203"}],"curies":[{"name":"wp","href":"https:\/\/api.w.org\/{rel}","templated":true}]}}