{"id":681,"date":"2023-06-21T20:30:11","date_gmt":"2023-06-21T18:30:11","guid":{"rendered":"https:\/\/villumsenloppefund.dk\/?post_type=product&#038;p=681"},"modified":"2023-12-05T16:42:56","modified_gmt":"2023-12-05T15:42:56","slug":"traehund-paa-hjul-fra-50erne","status":"publish","type":"product","link":"https:\/\/villumsenloppefund.dk\/index.php\/product\/traehund-paa-hjul-fra-50erne\/","title":{"rendered":"Tr\u00e6hund p\u00e5 hjul fra 50&#8217;erne"},"content":{"rendered":"","protected":false},"excerpt":{"rendered":"<p>Leget\u00f8jshund i tr\u00e6 p\u00e5 hjul fra 50&#8217;erne.<\/p>\n<p>H 8 cm, B 9 cm.<\/p>\n","protected":false},"featured_media":682,"template":"","meta":[],"product_brand":[],"product_cat":[178,224],"product_tag":[],"class_list":{"0":"post-681","1":"product","2":"type-product","3":"status-publish","4":"has-post-thumbnail","6":"product_cat-legetoej","7":"product_cat-traelegetoej","8":"product_shipping_class-mellem-pakke","10":"first","11":"instock","12":"sold-individually","13":"taxable","14":"shipping-taxable","15":"purchasable","16":"product-type-simple"},"_links":{"self":[{"href":"https:\/\/villumsenloppefund.dk\/index.php\/wp-json\/wp\/v2\/product\/681","targetHints":{"allow":["GET"]}}],"collection":[{"href":"https:\/\/villumsenloppefund.dk\/index.php\/wp-json\/wp\/v2\/product"}],"about":[{"href":"https:\/\/villumsenloppefund.dk\/index.php\/wp-json\/wp\/v2\/types\/product"}],"wp:featuredmedia":[{"embeddable":true,"href":"https:\/\/villumsenloppefund.dk\/index.php\/wp-json\/wp\/v2\/media\/682"}],"wp:attachment":[{"href":"https:\/\/villumsenloppefund.dk\/index.php\/wp-json\/wp\/v2\/media?parent=681"}],"wp:term":[{"taxonomy":"product_brand","embeddable":true,"href":"https:\/\/villumsenloppefund.dk\/index.php\/wp-json\/wp\/v2\/product_brand?post=681"},{"taxonomy":"product_cat","embeddable":true,"href":"https:\/\/villumsenloppefund.dk\/index.php\/wp-json\/wp\/v2\/product_cat?post=681"},{"taxonomy":"product_tag","embeddable":true,"href":"https:\/\/villumsenloppefund.dk\/index.php\/wp-json\/wp\/v2\/product_tag?post=681"}],"curies":[{"name":"wp","href":"https:\/\/api.w.org\/{rel}","templated":true}]}}